Let h be 2/(-8) + (130/(-8))/(-1). What is the greatest common factor of h and l?
16
Suppose w = -2*w + 1161. Let z = -198 + w. Suppose r - z = -2*r. What is the greatest common factor of r and 7?
7
Suppose 0 = -2*w - 4, 3*x - 323 = -2*x - w. Suppose 17 = -3*u + x. Suppose 4*t + 9 = 25. Calculate the greatest common divisor of t and u.
4
Suppose y - 39 = -3*s, -s + 5*y = -47 + 18. What is the greatest common divisor of 70 and s?
14
Let f = -1 + -2. Let j be (-2)/f*(85 - 1). Suppose z - 8 = -1. What is the highest common divisor of z and j?
7
Suppose 13 = 3*j + 1. Let f(k) = -k**2 + 7*k - 6. Let b be f(j). Let z = -51 + 99. What is the greatest common divisor of z and b?
6
Let m = 0 + 17. Let u(j) = j**3 - 2*j**2 - 2*j + 4. Let k be u(6). What is the highest common factor of m and k?
17
Let t(g) = -g**2 - 5*g - 3. Let m be t(-3). Let h(z) = 2*z**2 - 2*z + 3. Let u be h(-3). Calculate the greatest common factor of m and u.
3
Let i = 111 - 89. What is the greatest common factor of 11 and i?
11
Suppose -35 = -5*s + 4*i, -s = -5*s - 4*i - 8. What is the highest common divisor of s and 1?
1
Let z(s) = 2*s**2 + 1. Let x be z(-2). Let m be -7*(2 + -3) + 2. What is the greatest common divisor of x and m?
9
Suppose -5*l = 35 - 10, 2*l + 16 = 2*q. Let h = q - 1. Suppose i - h*x + 0 = -4, 5*x - 31 = -i. What is the highest common factor of 24 and i?
6
Let r(j) = 4*j - 20. Let p be r(17). What is the greatest common factor of 12 and p?
12
Suppose 0 = 5*n - 141 + 11. What is the greatest common divisor of n and 130?
26
Suppose 3*x - 2*x = 3*p - 47, 5*p = 2*x + 80. Calculate the greatest common divisor of 126 and p.
14
Let i = 1 + 11. Suppose 0 = 3*w - i. Suppose -6*l + 132 = -w*l. What is the greatest common divisor of l and 6?
6
Let i = 22 - -26. What is the highest common divisor of 12 and i?
12
Let f(p) = p**2 - p + 5. Let j be f(0). Suppose -j*k + 2 = -2*i - 1, 5*i = -5*k - 25. Let r be i/10 + 364/10. Calculate the highest common divisor of r and 4.
4
Let f(a) = -2*a + 4. Let s be f(-4). Suppose 2*b = 3*b - s. Calculate the highest common divisor of b and 12.
12
Let n(b) = -b + 23. Let v be n(9). What is the greatest common factor of 28 and v?
14
Let d = 126 + -74. Let c(h) = -38*h**3 + 2*h**2 + h. Let b be c(-1). Suppose -6*k + b = -3*k. What is the highest common divisor of d and k?
13
Suppose -2*y + 107 = 83. What is the highest common factor of y and 228?
12
Let n = 12 - 7. Suppose -n*l + 43 = -42. What is the highest common factor of l and 153?
17
Let k = -11 + 16. Let f be -2*(3 + -2) + (127 - -1). Suppose 2*x = -t - 0*x + f, k*x = -4*t + 513. Calculate the greatest common factor of 12 and t.
12
Let b = 0 - -264. Calculate the greatest common factor of 66 and b.
66
Let w be ((-10)/(-6))/((-10)/(-30)). Suppose 0*l = w*l + 2*m - 100, -m = 0. Calculate the highest common factor of 60 and l.
20
Suppose -5*q + 10 = 0, 5*q - 43 = 3*n - 0*n. Let j = -7 - n. What is the highest common factor of 1 and j?
1
Let c = 105 - 53. Calculate the greatest common divisor of c and 13.
13
Let i be (2/4)/(2/4). Suppose d + 16 = -3*d. Let x = d + 6. What is the greatest common factor of i and x?
1
Let s = -4 + 9. Let v = 13 - s. What is the highest common divisor of v and 88?
8
Let q be -3 - (2 - 41)/(-3). Let c = 41 + q. Calculate the highest common factor of c and 5.
5
Let h be (-44)/(-12) + 2/6. Suppose h*d = 5*d - 4. Suppose 2*q = -3*b + 32, d*b = -q + 2*q + 6. What is the highest common divisor of q and 20?
10
Let k be (-6)/15 + (-454)/(-10). Let s = 17 + -12. Calculate the greatest common factor of k and s.
5
Let z be (4 - 265/25)*-5. What is the greatest common divisor of 22 and z?
11
Let c = 129 - 75. Calculate the greatest common factor of 6 and c.
6
Let v(z) = z**3 + 185 - 176 + z - 6*z**2 + 0*z. Let k be v(6). Calculate the highest common factor of k and 105.
15
Suppose 13*x - 456 = 1104. What is the greatest common factor of 15 and x?
15
Suppose 5*f + p - 104 = 0, 2*f - 3*p = -2*f + 68. Calculate the greatest common factor of f and 10.
10
Let n = 6 - 2. Let z = n + -3. What is the greatest common factor of z and 9?
1
Let a(i) = i + 17. Let o be a(-9). Let u = o + -2. Calculate the greatest common divisor of u and 54.
6
Let k(r) = -r - 5. Let d be k(-6). Let q = d + 6. What is the highest common factor of q and 63?
7
Suppose 4*f + 3*n = -n + 72, f - 14 = -3*n. Calculate the highest common divisor of 20 and f.
20
Let u(w) = 10*w - 3. Let l be u(3). Let r = l + -8. Let x = r + -2. Calculate the greatest common divisor of x and 136.
17
Suppose 0 = -2*a - 3*r + 5, 5*r - 30 = 5*a - 80. Suppose -15 - a = g. Let n = -7 - g. Calculate the highest common divisor of 135 and n.
15
Let k = 30 + 15. What is the highest common divisor of 18 and k?
9
Let x = -13 + 8. Let p = x + 3. Let w be (-6)/(-3) - 176/p. Calculate the greatest common factor of 10 and w.
10
Let r(h) = -h**3 + 3*h**2 + 6*h - 5. Let w be r(4). Suppose p - 32 = -w*p. Calculate the highest common factor of p and 72.
8
Let b be (54/45)/(1/20). Let r = b - 13. What is the greatest common factor of r and 11?
11
Let h(k) = -k**3 + 5*k**2 + 7*k - 2. Let y be h(6). Let p = -17 + 23. Calculate the greatest common factor of y and p.
2
Suppose 2*y = -3*y + 640. Let h = -2 - -18. What is the greatest common factor of h and y?
16
Suppose r + 1 = 0, -2*o + 110 = -o + 4*r. Suppose 4*z + 78 = -o. Let x be z/18*(-3)/2. Calculate the highest common factor of 16 and x.
4
Let j(b) = 116*b + 1. Let i be j(1). What is the highest common divisor of 13 and i?
13
Let x = -189 - -343. Suppose l = 2*l - x. Let z(r) = -3*r**3 - 5*r**2 - 6*r - 2. Let b be z(-2). Calculate the greatest common factor of b and l.
14
Let k(y) = -2*y**3 - y**2 + 7*y + 6. Let j be k(-2). Calculate the highest common factor of j and 4.
4
Let l = -17 + 43. Let t = 49 - 10. What is the highest common divisor of l and t?
13
Let l = 1 - 9. Let r be (l/5)/(4/(-490)). Suppose -r = -3*m - 52. What is the highest common factor of 32 and m?
16
Suppose -3*d = 4*u - 185, 0 = -2*u - u - d + 135. Calculate the greatest common factor of 4 and u.
4
Let r(g) = -g + 12. Let l be r(10). Let i be (-36)/(-10) + l/5. Calculate the highest common divisor of i and 1.
1
Let j = 176 + -113. Let s be 1 + 5 - (6 + -9). What is the greatest common divisor of s and j?
9
Let w(n) = -n**2 + n. Let y be w(-1). Let l = 3 - y. Suppose v - l*v = -40. Calculate the highest common factor of 4 and v.
2
Suppose -1 = -b + 8. What is the greatest common divisor of 6 and b?
3
Let m = 82 + -55. Calculate the highest common factor of m and 27.
27
Let x be 3/(-2)*(-60)/(-9)*-1. Suppose -5*j = -3*z - 89, z = 6*z + 15. Let k = j + 9. What is the highest common divisor of k and x?
5
Let s be ((-260)/4)/(1 + -2). What is the greatest common divisor of s and 13?
13
Suppose -5*u + 330 = 3*j, -11 + 127 = 2*u - 2*j. Calculate the highest common factor of 9 and u.
9
Let t be (-572)/(-39)*(-1 - -4). What is the greatest common factor of 308 and t?
44
Suppose -394 = -4*z + 2*v + 20, 3*v - 107 = -z. Let i be 1 + 1 - (-9)/(-3). Let n be (i*2 + 28)/2. Calculate the greatest common divisor of z and n.
13
Suppose 0 = 5*w - y - 5, -2*w - 2*w = -y - 3. Suppose -5 = -h - w. Let a be (-4)/18 - 1090/(-45). Calculate the greatest common factor of h and a.
3
Let x be 1/(-2)*-4 + 9. Calculate the greatest common factor of x and 33.
11
Suppose -116 = -3*u - u. Let k = -16 + u. Calculate the highest common factor of k and 91.
13
Let t be (-9)/(-7) - 4/14. Let z = -3 + t. Let h(k) = 3*k**2 - 4*k - 3. Let a be h(z). Calculate the greatest common factor of a and 51.
17
Suppose 1 = -10*n + 11*n. Calculate the greatest common factor of n and 7.
1
Suppose l - 11 = -2*h + 4*l, -2*l = -h + 4. Let q(o) = o**2 - 9*o - 3. Let p be q(h). Calculate the greatest common factor of 77 and p.
7
Suppose -7*k + 2 = -5*k. Let w be 5*(k - 22/(-5)). Calculate the greatest common divisor of 3 and w.
3
Suppose 2*i - 10 = 102. What is the greatest common factor of i and 8?
8
Suppose -4*h + 7*h - 825 = 0. Calculate the greatest common divisor of h and 25.
25
Suppose 15 = -l + 2*l. What is the greatest common divisor of 75 and l?
15
Let f be ((-200)/(-16))/((-1)/(-4)). What is the greatest common divisor of f and 20?
10
Let p = 6 - 4. Let m = p + 1.